{"id":174,"date":"2023-07-09T13:41:54","date_gmt":"2023-07-09T13:41:54","guid":{"rendered":"http:\/\/backup-090723-a-c-behrendt-hausverwaltung-backup.local\/?page_id=174"},"modified":"2024-08-22T13:40:07","modified_gmt":"2024-08-22T13:40:07","slug":"offene-stellen","status":"publish","type":"page","link":"https:\/\/a-c-behrendt.de\/en\/offene-stellen\/","title":{"rendered":"Vacancies"},"content":{"rendered":"<div class=\"section-wrapper\" data-id=\"TnY2aF\"><section class=\"wp-block-gutenverse-section guten-element guten-section guten-TnY2aF layout-boxed align-stretch\"><div class=\"guten-background-overlay\"><\/div><div class=\"guten-shape-divider guten-shape-divider-top\"><\/div><div class=\"guten-shape-divider guten-shape-divider-bottom\"><\/div><div class=\"guten-container guten-column-gap-default\">\n<div class=\"wp-block-gutenverse-column guten-element guten-column guten-LK57oP\"><div class=\"guten-background-overlay\"><\/div><div class=\"sticky-wrapper\" data-id=\"LK57oP\"><div class=\"guten-column-wrapper\">\n<h2 class=\"wp-block-gutenverse-heading guten-element guten-VMv7QI\">Unsere aktuellen Stellenangebote<\/h2>\n\n\n\n<div class=\"guten-element gutenverse-text-editor guten-S7USye\"><div class=\"text-content-inner\">\n<p>Wir begr\u00fc\u00dfen Sie herzlich bei unserer Hausverwaltung \u2013 einem Ort, an dem Engagement, Teamgeist und Professionalit\u00e4t Hand in Hand gehen. Wir sind fest davon \u00fcberzeugt, dass jede Immobilie eine einzigartige Geschichte erz\u00e4hlt, und suchen nach motivierten Teammitgliedern wie Ihnen, die diese Geschichte mit Leidenschaft und Innovation mitgestalten m\u00f6chten.<\/p>\n<\/div><\/div>\n\n\n\n<div class=\"section-wrapper\" data-id=\"URI8vr\"><section class=\"wp-block-gutenverse-section guten-element guten-section guten-URI8vr layout-fullwidth align-stretch\"><div class=\"guten-background-overlay\"><\/div><div class=\"guten-shape-divider guten-shape-divider-top\"><\/div><div class=\"guten-shape-divider guten-shape-divider-bottom\"><\/div><div class=\"guten-container guten-column-gap-default\">\n<div class=\"wp-block-gutenverse-column guten-element guten-column guten-jsDEHS\"><div class=\"guten-background-overlay\"><\/div><div class=\"sticky-wrapper\" data-id=\"jsDEHS\"><div class=\"guten-column-wrapper\">\n<div class=\"guten-element gutenverse-text-editor guten-DZPKV1\"><div class=\"text-content-inner\">\n<div class=\"wp-block-group is-layout-constrained wp-block-group-is-layout-constrained\">\n<h2 class=\"wp-block-gutenverse-heading guten-element guten-28MNwz\"><strong><strong>Hausverwalter \/ in f\u00fcr WEG<\/strong><\/strong> <strong><strong>in Voll- oder Teilzeit<\/strong><\/strong><\/h2>\n\n\n\n<p>Zum n\u00e4chstm\u00f6glichen Zeitpunkt suchen wir zur Verst\u00e4rkung unseres Teams eine\/n Hausverwalter \/ in mit Kenntnissen in der WEG-Verwaltung in Voll- oder Teilzeit, gerne auch als Einstiegsposition.<\/p>\n\n\n\n<div class=\"guten-element guten-button-wrapper guten-V4J5r6\"><a class=\"guten-button guten-button-sm\" href=\"https:\/\/a-c-behrendt.de\/en\/offene-stellen\/hausverwaltung-fuer-weg-in-voll-oder-teilzeit\/\" target=\"_blank\" rel=\"noreferrer noopener\"><span>Mehr erfahren<\/span><\/a><\/div>\n<\/div>\n<\/div><\/div>\n<\/div><\/div><\/div>\n\n\n\n<div class=\"wp-block-gutenverse-column guten-element guten-column guten-wrK0EP\"><div class=\"guten-background-overlay\"><\/div><div class=\"sticky-wrapper\" data-id=\"wrK0EP\"><div class=\"guten-column-wrapper\">\n<div class=\"guten-element gutenverse-text-editor guten-yMVw2z\"><div class=\"text-content-inner\">\n<div class=\"wp-block-group is-layout-constrained wp-block-group-is-layout-constrained\">\n<h2 class=\"wp-block-gutenverse-heading guten-element guten-ewDikk\">WEG- und\/ oder <strong>Mietenbuchhalter \/ in<\/strong> <strong>in Voll- oder Teilzeit<\/strong><\/h2>\n\n\n\n<p>Zum n\u00e4chstm\u00f6glichen Zeitpunkt suchen wir zur Verst\u00e4rkung unseres Teams eine\/n WEG- und\/ oder Mietenbuchhalter \/ in in Vollzeit oder Teilzeit, gerne auch als Einstiegsposition.<\/p>\n\n\n\n<div class=\"guten-element guten-button-wrapper guten-YypU4h\"><a class=\"guten-button guten-button-sm\" href=\"https:\/\/a-c-behrendt.de\/en\/offene-stellen\/buchhalter-in-in-voll-oder-teilzeit\/\" target=\"_blank\" rel=\"noreferrer noopener\"><span>Mehr erfahren<\/span><\/a><\/div>\n<\/div>\n<\/div><\/div>\n<\/div><\/div><\/div>\n<\/div><\/section><\/div>\n\n\n\n<div class=\"section-wrapper\" data-id=\"HVHfGo\"><section class=\"wp-block-gutenverse-section guten-element guten-section guten-HVHfGo layout-fullwidth align-stretch\"><div class=\"guten-background-overlay\"><\/div><div class=\"guten-shape-divider guten-shape-divider-top\"><\/div><div class=\"guten-shape-divider guten-shape-divider-bottom\"><\/div><div class=\"guten-container guten-column-gap-default\">\n<div class=\"wp-block-gutenverse-column guten-element guten-column guten-oHPXc1\"><div class=\"guten-background-overlay\"><\/div><div class=\"sticky-wrapper\" data-id=\"oHPXc1\"><div class=\"guten-column-wrapper\">\n<div class=\"guten-element gutenverse-text-editor guten-e4hvVU\"><div class=\"text-content-inner\">\n<p><strong>Ready to shape the future together?<\/strong><\/p>\n\n\n\n<p>Erz\u00e4hlen Sie uns in Ihrer aussagekr\u00e4ftigen Bewerbung inklusive Lebenslauf und eventuell einem kurzen Motivationsschreiben, warum Sie Teil unseres Teams werden m\u00f6chten. Ob in Voll-\/Teilzeit oder im Praktikum \u2013 Wir sind gespannt darauf, von Ihren Vorstellungen und Ideen zu erfahren.<\/p>\n\n\n\n<p><\/p>\n\n\n\n<p class=\"has-primary-color has-text-color\">Please submit your application documents to <a href=\"mailto:personal@a-c-behrendt.de\" title=\"\">personal@a-c-behrendt.de<\/a> We are looking forward to meeting you!<\/p>\n<\/div><\/div>\n<\/div><\/div><\/div>\n<\/div><\/section><\/div>\n<\/div><\/div><\/div>\n<\/div><\/section><\/div>","protected":false},"excerpt":{"rendered":"","protected":false},"author":1,"featured_media":0,"parent":0,"menu_order":0,"comment_status":"closed","ping_status":"closed","template":"","meta":{"footnotes":""},"class_list":["post-174","page","type-page","status-publish","hentry"],"aioseo_notices":[],"_links":{"self":[{"href":"https:\/\/a-c-behrendt.de\/en\/wp-json\/wp\/v2\/pages\/174","targetHints":{"allow":["GET"]}}],"collection":[{"href":"https:\/\/a-c-behrendt.de\/en\/wp-json\/wp\/v2\/pages"}],"about":[{"href":"https:\/\/a-c-behrendt.de\/en\/wp-json\/wp\/v2\/types\/page"}],"author":[{"embeddable":true,"href":"https:\/\/a-c-behrendt.de\/en\/wp-json\/wp\/v2\/users\/1"}],"replies":[{"embeddable":true,"href":"https:\/\/a-c-behrendt.de\/en\/wp-json\/wp\/v2\/comments?post=174"}],"version-history":[{"count":35,"href":"https:\/\/a-c-behrendt.de\/en\/wp-json\/wp\/v2\/pages\/174\/revisions"}],"predecessor-version":[{"id":1491,"href":"https:\/\/a-c-behrendt.de\/en\/wp-json\/wp\/v2\/pages\/174\/revisions\/1491"}],"wp:attachment":[{"href":"https:\/\/a-c-behrendt.de\/en\/wp-json\/wp\/v2\/media?parent=174"}],"curies":[{"name":"wp","href":"https:\/\/api.w.org\/{rel}","templated":true}]}}

<div class="section-wrapper" data-id="TnY2aF"><section class="wp-block-gutenverse-section guten-element guten-section guten-TnY2aF layout-boxed align-stretch"><div class="guten-background-overlay"></div><div class="guten-shape-divider guten-shape-divider-top"></div><div class="guten-shape-divider guten-shape-divider-bottom"></div><div class="guten-container guten-column-gap-default">
<div class="wp-block-gutenverse-column guten-element guten-column guten-LK57oP"><div class="guten-background-overlay"></div><div class="sticky-wrapper" data-id="LK57oP"><div class="guten-column-wrapper">
<h2 class="wp-block-gutenverse-heading guten-element guten-VMv7QI">Unsere aktuellen Stellenangebote</h2>



<div class="guten-element gutenverse-text-editor guten-S7USye"><div class="text-content-inner">
<p>Wir begrüßen Sie herzlich bei unserer Hausverwaltung – einem Ort, an dem Engagement, Teamgeist und Professionalität Hand in Hand gehen. Wir sind fest davon überzeugt, dass jede Immobilie eine einzigartige Geschichte erzählt, und suchen nach motivierten Teammitgliedern wie Ihnen, die diese Geschichte mit Leidenschaft und Innovation mitgestalten möchten.</p>
</div></div>



<div class="section-wrapper" data-id="URI8vr"><section class="wp-block-gutenverse-section guten-element guten-section guten-URI8vr layout-fullwidth align-stretch"><div class="guten-background-overlay"></div><div class="guten-shape-divider guten-shape-divider-top"></div><div class="guten-shape-divider guten-shape-divider-bottom"></div><div class="guten-container guten-column-gap-default">
<div class="wp-block-gutenverse-column guten-element guten-column guten-jsDEHS"><div class="guten-background-overlay"></div><div class="sticky-wrapper" data-id="jsDEHS"><div class="guten-column-wrapper">
<div class="guten-element gutenverse-text-editor guten-DZPKV1"><div class="text-content-inner">
<div class="wp-block-group is-layout-constrained wp-block-group-is-layout-constrained">
<h2 class="wp-block-gutenverse-heading guten-element guten-28MNwz"><strong><strong>Hausverwalter / in für WEG</strong></strong> <strong><strong>in Voll- oder Teilzeit</strong></strong></h2>



<p>Zum nächstmöglichen Zeitpunkt suchen wir zur Verstärkung unseres Teams eine/n Hausverwalter / in mit Kenntnissen in der WEG-Verwaltung in Voll- oder Teilzeit, gerne auch als Einstiegsposition.</p>



<div class="guten-element guten-button-wrapper guten-V4J5r6"><a class="guten-button guten-button-sm" href="https://a-c-behrendt.de/en/offene-stellen/hausverwaltung-fuer-weg-in-voll-oder-teilzeit/" target="_blank" rel="noreferrer noopener"><span>Mehr erfahren</span></a></div>
</div>
</div></div>
</div></div></div>



<div class="wp-block-gutenverse-column guten-element guten-column guten-wrK0EP"><div class="guten-background-overlay"></div><div class="sticky-wrapper" data-id="wrK0EP"><div class="guten-column-wrapper">
<div class="guten-element gutenverse-text-editor guten-yMVw2z"><div class="text-content-inner">
<div class="wp-block-group is-layout-constrained wp-block-group-is-layout-constrained">
<h2 class="wp-block-gutenverse-heading guten-element guten-ewDikk">WEG- und/ oder <strong>Mietenbuchhalter / in</strong> <strong>in Voll- oder Teilzeit</strong></h2>



<p>Zum nächstmöglichen Zeitpunkt suchen wir zur Verstärkung unseres Teams eine/n WEG- und/ oder Mietenbuchhalter / in in Vollzeit oder Teilzeit, gerne auch als Einstiegsposition.</p>



<div class="guten-element guten-button-wrapper guten-YypU4h"><a class="guten-button guten-button-sm" href="https://a-c-behrendt.de/en/offene-stellen/buchhalter-in-in-voll-oder-teilzeit/" target="_blank" rel="noreferrer noopener"><span>Mehr erfahren</span></a></div>
</div>
</div></div>
</div></div></div>
</div></section></div>



<div class="section-wrapper" data-id="HVHfGo"><section class="wp-block-gutenverse-section guten-element guten-section guten-HVHfGo layout-fullwidth align-stretch"><div class="guten-background-overlay"></div><div class="guten-shape-divider guten-shape-divider-top"></div><div class="guten-shape-divider guten-shape-divider-bottom"></div><div class="guten-container guten-column-gap-default">
<div class="wp-block-gutenverse-column guten-element guten-column guten-oHPXc1"><div class="guten-background-overlay"></div><div class="sticky-wrapper" data-id="oHPXc1"><div class="guten-column-wrapper">
<div class="guten-element gutenverse-text-editor guten-e4hvVU"><div class="text-content-inner">
<p><strong>Ready to shape the future together?</strong></p>



<p>Erzählen Sie uns in Ihrer aussagekräftigen Bewerbung inklusive Lebenslauf und eventuell einem kurzen Motivationsschreiben, warum Sie Teil unseres Teams werden möchten. Ob in Voll-/Teilzeit oder im Praktikum – Wir sind gespannt darauf, von Ihren Vorstellungen und Ideen zu erfahren.</p>



<p></p>



<p class="has-primary-color has-text-color">Please submit your application documents to <a href="mailto:personal@a-c-behrendt.de" title="">personal@a-c-behrendt.de</a> We are looking forward to meeting you!</p>
</div></div>
</div></div></div>
</div></section></div>
</div></div></div>
</div></section></div>
