{"id":989,"date":"2024-01-12T14:38:47","date_gmt":"2024-01-12T14:38:47","guid":{"rendered":"https:\/\/a-c-behrendt.de\/?page_id=989"},"modified":"2024-08-22T13:46:09","modified_gmt":"2024-08-22T13:46:09","slug":"buchhalter-in-in-voll-oder-teilzeit","status":"publish","type":"page","link":"https:\/\/a-c-behrendt.de\/en\/offene-stellen\/buchhalter-in-in-voll-oder-teilzeit\/","title":{"rendered":"WEG- und\/ oder Mietenbuchhalter\/in in Voll- oder Teilzeit"},"content":{"rendered":"<div class=\"section-wrapper\" data-id=\"TnY2aF\"><section class=\"wp-block-gutenverse-section guten-element guten-section guten-TnY2aF layout-boxed align-stretch\"><div class=\"guten-background-overlay\"><\/div><div class=\"guten-shape-divider guten-shape-divider-top\"><\/div><div class=\"guten-shape-divider guten-shape-divider-bottom\"><\/div><div class=\"guten-container guten-column-gap-default\">\n<div class=\"wp-block-gutenverse-column guten-element guten-column guten-LK57oP\"><div class=\"guten-background-overlay\"><\/div><div class=\"sticky-wrapper\" data-id=\"LK57oP\"><div class=\"guten-column-wrapper\">\n<h2 class=\"wp-block-gutenverse-heading guten-element guten-VMv7QI\">Wir suchen Sie! <\/h2>\n\n\n\n<div class=\"guten-element gutenverse-text-editor guten-S7USye\"><div class=\"text-content-inner\">\n<p>Zum n\u00e4chstm\u00f6glichen Zeitpunkt suchen wir zur Verst\u00e4rkung unseres Teams eine\/n <strong>WEG-\/ Mietenbuchhalter\/in<\/strong> in Vollzeit oder Teilzeit, gerne auch als Einstiegsposition.<\/p>\n<\/div><\/div>\n\n\n\n<div class=\"section-wrapper\" data-id=\"URI8vr\"><section class=\"wp-block-gutenverse-section guten-element guten-section guten-URI8vr layout-fullwidth align-stretch\"><div class=\"guten-background-overlay\"><\/div><div class=\"guten-shape-divider guten-shape-divider-top\"><\/div><div class=\"guten-shape-divider guten-shape-divider-bottom\"><\/div><div class=\"guten-container guten-column-gap-default\">\n<div class=\"wp-block-gutenverse-column guten-element guten-column guten-wrK0EP\"><div class=\"guten-background-overlay\"><\/div><div class=\"sticky-wrapper\" data-id=\"wrK0EP\"><div class=\"guten-column-wrapper\">\n<div class=\"guten-element gutenverse-text-editor guten-yMVw2z\"><div class=\"text-content-inner\">\n<div class=\"wp-block-group is-layout-constrained wp-block-group-is-layout-constrained\">\n<p><strong>Ihre Aufgaben<\/strong><\/p>\n\n\n\n<ul class=\"wp-block-list\">\n<li>Erstellung von Monats-, Quartals- und Jahresabschl\u00fcssen<\/li>\n\n\n\n<li>Fristgerechte Erstellung von Betriebs- und Heizkostenabrechnungen<\/li>\n\n\n\n<li>Eingabe von Objekt- und Mietvertragsstammdaten, Stammdateneinpflege<\/li>\n\n\n\n<li>F\u00fchren von Korrespondenz mit Eigent\u00fcmern, Beh\u00f6rden, Dienstleistern und Mietern im Themenbereich der Buchhaltung f\u00fcr die Sondereigentums- und Mietverwaltung<\/li>\n\n\n\n<li>Pr\u00fcfung von Zahlungseing\u00e4ngen\/ Durchf\u00fchrung des Mahnwesens<\/li>\n\n\n\n<li>Erstellung der monatlichen Einnahmen-\u00dcberschussabrechnung\/ Hausabrechnung<\/li>\n<\/ul>\n<\/div>\n<\/div><\/div>\n<\/div><\/div><\/div>\n\n\n\n<div class=\"wp-block-gutenverse-column guten-element guten-column guten-jsDEHS\"><div class=\"guten-background-overlay\"><\/div><div class=\"sticky-wrapper\" data-id=\"jsDEHS\"><div class=\"guten-column-wrapper\">\n<div class=\"guten-element gutenverse-text-editor guten-DZPKV1\"><div class=\"text-content-inner\">\n<div class=\"wp-block-group is-layout-constrained wp-block-group-is-layout-constrained\">\n<p><strong>Das zeichnet Sie aus<\/strong><\/p>\n\n\n\n<ul class=\"wp-block-list\">\n<li>erfolgreich abgeschlossene kaufm\u00e4nnische Ausbildung in der Grundst\u00fccks- und Wohnungswirtschaft, eine \u00e4hnliche Ausbildung mit vergleichbaren Kenntnissen und Erfahrungen oder ein Hochschulabschluss in der Immobilienwirtschaft<\/li>\n\n\n\n<li>Einschl\u00e4gige Berufserfahrung im Umgang mit Hausverwaltungsprogrammen wie&nbsp; GFAD Haussoft 4.0 oder vergleichbar wird gern gesehen<\/li>\n\n\n\n<li>anwendungsbereite EDV-Kenntnisse im MS-Office<\/li>\n\n\n\n<li>Grundkenntnisse in der WEG- und Mietenbuchhaltung<\/li>\n\n\n\n<li>Kommunikations- und Durchsetzungsf\u00e4higkeit bei ausgepr\u00e4gter Kundenorientierung<\/li>\n<\/ul>\n<\/div>\n<\/div><\/div>\n<\/div><\/div><\/div>\n<\/div><\/section><\/div>\n\n\n\n<div class=\"section-wrapper\" data-id=\"HVHfGo\"><section class=\"wp-block-gutenverse-section guten-element guten-section guten-HVHfGo layout-fullwidth align-stretch\"><div class=\"guten-background-overlay\"><\/div><div class=\"guten-shape-divider guten-shape-divider-top\"><\/div><div class=\"guten-shape-divider guten-shape-divider-bottom\"><\/div><div class=\"guten-container guten-column-gap-default\">\n<div class=\"wp-block-gutenverse-column guten-element guten-column guten-oHPXc1\"><div class=\"guten-background-overlay\"><\/div><div class=\"sticky-wrapper\" data-id=\"oHPXc1\"><div class=\"guten-column-wrapper\">\n<div class=\"guten-element gutenverse-text-editor guten-e4hvVU\"><div class=\"text-content-inner\">\n<p><strong>Das bieten wir Ihnen<\/strong><\/p>\n\n\n\n<ul class=\"wp-block-list\">\n<li>unbefristeter Arbeitsvertrag<\/li>\n\n\n\n<li>30 Tage Urlaub p.a.<\/li>\n\n\n\n<li>38 h pro Woche (bei Vollzeit) von Montag bis Freitag<\/li>\n\n\n\n<li>flexible Arbeitszeiten, Homeoffice m\u00f6glich<\/li>\n\n\n\n<li>attraktive Verg\u00fctung (\u00fcber dem Durchschnitt) mit Entwicklungsm\u00f6glichkeiten<\/li>\n\n\n\n<li>zentraler Standort direkt am Kurf\u00fcrstendamm in modernen und repr\u00e4sentativen B\u00fcror\u00e4umen (klimatisiert)<\/li>\n\n\n\n<li>abwechslungsreiche und herausfordernde, aber vor allem interessante Aufgaben<\/li>\n\n\n\n<li>hohe Gestaltungsm\u00f6glichkeit der eigenen Arbeitsprozesse<\/li>\n\n\n\n<li>flache Hierarchien und kurze Entscheidungswege in einem famili\u00e4ren Umfeld<\/li>\n\n\n\n<li>auf Ihr Berufsbild bezogene Fort- und Weiterbildungsm\u00f6glichkeiten<\/li>\n\n\n\n<li>t\u00e4glich frisches Obst, Getr\u00e4nke und Kaffee im B\u00fcro<\/li>\n\n\n\n<li>regelm\u00e4\u00dfige Team-Events<\/li>\n\n\n\n<li>individuell angepasste Mitarbeiterbenefits (z. B. Urban Sports Club und Pluxee Benefitscard)<\/li>\n<\/ul>\n<\/div><\/div>\n<\/div><\/div><\/div>\n<\/div><\/section><\/div>\n\n\n\n<div class=\"section-wrapper\" data-id=\"CtSJc8\"><section class=\"wp-block-gutenverse-section guten-element guten-section guten-CtSJc8 layout-fullwidth align-stretch\"><div class=\"guten-background-overlay\"><\/div><div class=\"guten-shape-divider guten-shape-divider-top\"><\/div><div class=\"guten-shape-divider guten-shape-divider-bottom\"><\/div><div class=\"guten-container guten-column-gap-default\">\n<div class=\"wp-block-gutenverse-column guten-element guten-column guten-foiyLy\"><div class=\"guten-background-overlay\"><\/div><div class=\"sticky-wrapper\" data-id=\"foiyLy\"><div class=\"guten-column-wrapper\">\n<div class=\"guten-element gutenverse-text-editor guten-gO3ohc\"><div class=\"text-content-inner\">\n<p><strong>Bewerben Sie sich noch heute!<\/strong><\/p>\n\n\n\n<p>Erz\u00e4hlen Sie uns in Ihrer aussagekr\u00e4ftigen Bewerbung inklusive Lebenslauf und ggf. einem kurzen Motivationsschreiben, warum Sie Teil unseres Teams werden m\u00f6chten. Ob in Voll-\/Teilzeit oder im Praktikum \u2013 Wir sind gespannt darauf, von Ihren Vorstellungen und Ideen zu erfahren.<\/p>\n\n\n\n<p><\/p>\n\n\n\n<p class=\"has-primary-color has-text-color\">Please submit your application documents to <a href=\"mailto:personal@a-c-behrendt.de\" title=\"\">personal@a-c-behrendt.de<\/a> We are looking forward to meeting you!<\/p>\n<\/div><\/div>\n<\/div><\/div><\/div>\n<\/div><\/section><\/div>\n<\/div><\/div><\/div>\n<\/div><\/section><\/div>","protected":false},"excerpt":{"rendered":"","protected":false},"author":1,"featured_media":0,"parent":174,"menu_order":0,"comment_status":"closed","ping_status":"closed","template":"","meta":{"footnotes":""},"class_list":["post-989","page","type-page","status-publish","hentry"],"aioseo_notices":[],"_links":{"self":[{"href":"https:\/\/a-c-behrendt.de\/en\/wp-json\/wp\/v2\/pages\/989","targetHints":{"allow":["GET"]}}],"collection":[{"href":"https:\/\/a-c-behrendt.de\/en\/wp-json\/wp\/v2\/pages"}],"about":[{"href":"https:\/\/a-c-behrendt.de\/en\/wp-json\/wp\/v2\/types\/page"}],"author":[{"embeddable":true,"href":"https:\/\/a-c-behrendt.de\/en\/wp-json\/wp\/v2\/users\/1"}],"replies":[{"embeddable":true,"href":"https:\/\/a-c-behrendt.de\/en\/wp-json\/wp\/v2\/comments?post=989"}],"version-history":[{"count":10,"href":"https:\/\/a-c-behrendt.de\/en\/wp-json\/wp\/v2\/pages\/989\/revisions"}],"predecessor-version":[{"id":1497,"href":"https:\/\/a-c-behrendt.de\/en\/wp-json\/wp\/v2\/pages\/989\/revisions\/1497"}],"up":[{"embeddable":true,"href":"https:\/\/a-c-behrendt.de\/en\/wp-json\/wp\/v2\/pages\/174"}],"wp:attachment":[{"href":"https:\/\/a-c-behrendt.de\/en\/wp-json\/wp\/v2\/media?parent=989"}],"curies":[{"name":"wp","href":"https:\/\/api.w.org\/{rel}","templated":true}]}}

<div class="section-wrapper" data-id="TnY2aF"><section class="wp-block-gutenverse-section guten-element guten-section guten-TnY2aF layout-boxed align-stretch"><div class="guten-background-overlay"></div><div class="guten-shape-divider guten-shape-divider-top"></div><div class="guten-shape-divider guten-shape-divider-bottom"></div><div class="guten-container guten-column-gap-default">
<div class="wp-block-gutenverse-column guten-element guten-column guten-LK57oP"><div class="guten-background-overlay"></div><div class="sticky-wrapper" data-id="LK57oP"><div class="guten-column-wrapper">
<h2 class="wp-block-gutenverse-heading guten-element guten-VMv7QI">Wir suchen Sie! </h2>



<div class="guten-element gutenverse-text-editor guten-S7USye"><div class="text-content-inner">
<p>Zum nächstmöglichen Zeitpunkt suchen wir zur Verstärkung unseres Teams eine/n <strong>WEG-/ Mietenbuchhalter/in</strong> in Vollzeit oder Teilzeit, gerne auch als Einstiegsposition.</p>
</div></div>



<div class="section-wrapper" data-id="URI8vr"><section class="wp-block-gutenverse-section guten-element guten-section guten-URI8vr layout-fullwidth align-stretch"><div class="guten-background-overlay"></div><div class="guten-shape-divider guten-shape-divider-top"></div><div class="guten-shape-divider guten-shape-divider-bottom"></div><div class="guten-container guten-column-gap-default">
<div class="wp-block-gutenverse-column guten-element guten-column guten-wrK0EP"><div class="guten-background-overlay"></div><div class="sticky-wrapper" data-id="wrK0EP"><div class="guten-column-wrapper">
<div class="guten-element gutenverse-text-editor guten-yMVw2z"><div class="text-content-inner">
<div class="wp-block-group is-layout-constrained wp-block-group-is-layout-constrained">
<p><strong>Ihre Aufgaben</strong></p>



<ul class="wp-block-list">
<li>Erstellung von Monats-, Quartals- und Jahresabschlüssen</li>



<li>Fristgerechte Erstellung von Betriebs- und Heizkostenabrechnungen</li>



<li>Eingabe von Objekt- und Mietvertragsstammdaten, Stammdateneinpflege</li>



<li>Führen von Korrespondenz mit Eigentümern, Behörden, Dienstleistern und Mietern im Themenbereich der Buchhaltung für die Sondereigentums- und Mietverwaltung</li>



<li>Prüfung von Zahlungseingängen/ Durchführung des Mahnwesens</li>



<li>Erstellung der monatlichen Einnahmen-Überschussabrechnung/ Hausabrechnung</li>
</ul>
</div>
</div></div>
</div></div></div>



<div class="wp-block-gutenverse-column guten-element guten-column guten-jsDEHS"><div class="guten-background-overlay"></div><div class="sticky-wrapper" data-id="jsDEHS"><div class="guten-column-wrapper">
<div class="guten-element gutenverse-text-editor guten-DZPKV1"><div class="text-content-inner">
<div class="wp-block-group is-layout-constrained wp-block-group-is-layout-constrained">
<p><strong>Das zeichnet Sie aus</strong></p>



<ul class="wp-block-list">
<li>erfolgreich abgeschlossene kaufmännische Ausbildung in der Grundstücks- und Wohnungswirtschaft, eine ähnliche Ausbildung mit vergleichbaren Kenntnissen und Erfahrungen oder ein Hochschulabschluss in der Immobilienwirtschaft</li>



<li>Einschlägige Berufserfahrung im Umgang mit Hausverwaltungsprogrammen wie&nbsp; GFAD Haussoft 4.0 oder vergleichbar wird gern gesehen</li>



<li>anwendungsbereite EDV-Kenntnisse im MS-Office</li>



<li>Grundkenntnisse in der WEG- und Mietenbuchhaltung</li>



<li>Kommunikations- und Durchsetzungsfähigkeit bei ausgeprägter Kundenorientierung</li>
</ul>
</div>
</div></div>
</div></div></div>
</div></section></div>



<div class="section-wrapper" data-id="HVHfGo"><section class="wp-block-gutenverse-section guten-element guten-section guten-HVHfGo layout-fullwidth align-stretch"><div class="guten-background-overlay"></div><div class="guten-shape-divider guten-shape-divider-top"></div><div class="guten-shape-divider guten-shape-divider-bottom"></div><div class="guten-container guten-column-gap-default">
<div class="wp-block-gutenverse-column guten-element guten-column guten-oHPXc1"><div class="guten-background-overlay"></div><div class="sticky-wrapper" data-id="oHPXc1"><div class="guten-column-wrapper">
<div class="guten-element gutenverse-text-editor guten-e4hvVU"><div class="text-content-inner">
<p><strong>Das bieten wir Ihnen</strong></p>



<ul class="wp-block-list">
<li>unbefristeter Arbeitsvertrag</li>



<li>30 Tage Urlaub p.a.</li>



<li>38 h pro Woche (bei Vollzeit) von Montag bis Freitag</li>



<li>flexible Arbeitszeiten, Homeoffice möglich</li>



<li>attraktive Vergütung (über dem Durchschnitt) mit Entwicklungsmöglichkeiten</li>



<li>zentraler Standort direkt am Kurfürstendamm in modernen und repräsentativen Büroräumen (klimatisiert)</li>



<li>abwechslungsreiche und herausfordernde, aber vor allem interessante Aufgaben</li>



<li>hohe Gestaltungsmöglichkeit der eigenen Arbeitsprozesse</li>



<li>flache Hierarchien und kurze Entscheidungswege in einem familiären Umfeld</li>



<li>auf Ihr Berufsbild bezogene Fort- und Weiterbildungsmöglichkeiten</li>



<li>täglich frisches Obst, Getränke und Kaffee im Büro</li>



<li>regelmäßige Team-Events</li>



<li>individuell angepasste Mitarbeiterbenefits (z. B. Urban Sports Club und Pluxee Benefitscard)</li>
</ul>
</div></div>
</div></div></div>
</div></section></div>



<div class="section-wrapper" data-id="CtSJc8"><section class="wp-block-gutenverse-section guten-element guten-section guten-CtSJc8 layout-fullwidth align-stretch"><div class="guten-background-overlay"></div><div class="guten-shape-divider guten-shape-divider-top"></div><div class="guten-shape-divider guten-shape-divider-bottom"></div><div class="guten-container guten-column-gap-default">
<div class="wp-block-gutenverse-column guten-element guten-column guten-foiyLy"><div class="guten-background-overlay"></div><div class="sticky-wrapper" data-id="foiyLy"><div class="guten-column-wrapper">
<div class="guten-element gutenverse-text-editor guten-gO3ohc"><div class="text-content-inner">
<p><strong>Bewerben Sie sich noch heute!</strong></p>



<p>Erzählen Sie uns in Ihrer aussagekräftigen Bewerbung inklusive Lebenslauf und ggf. einem kurzen Motivationsschreiben, warum Sie Teil unseres Teams werden möchten. Ob in Voll-/Teilzeit oder im Praktikum – Wir sind gespannt darauf, von Ihren Vorstellungen und Ideen zu erfahren.</p>



<p></p>



<p class="has-primary-color has-text-color">Please submit your application documents to <a href="mailto:personal@a-c-behrendt.de" title="">personal@a-c-behrendt.de</a> We are looking forward to meeting you!</p>
</div></div>
</div></div></div>
</div></section></div>
</div></div></div>
</div></section></div>
